 is -111001111 (base 2) in base 5?
-3323
341033 (base 6) to base 7
146550
What is 58400 (base 9) in base 8?
114061
416 (base 9) to base 10
339
Convert 2e82 (base 15) to base 10.
10022
What is -10c9b (base 13) in base 6?
-354113
What is -307 (base 12) in base 3?
-121021
Convert 21022 (base 3) to base 14.
101
What is 313 (base 12) in base 2?
110111111
Convert 122012102 (base 3) to base 5.
400124
What is -431 (base 5) in base 9?
-138
What is 2415 (base 9) in base 10?
1796
What is 150220 (base 7) in base 11?
1a805
What is -2381 (base 9) in base 12?
-103a
Convert 1240001 (base 5) to base 7.
131032
3c24 (base 14) to base 8
24570
13231 (base 6) to base 12
1217
Convert -100110111011010 (base 2) to base 6.
-232134
202222112 (base 3) to base 10
15296
Convert -31d (base 14) to base 7.
-1536
419 (base 13) to base 14
37c
Convert 1000001111011001 (base 2) to base 9.
51263
Convert 21b (base 16) to base 4.
20123
bae9 (base 15) to base 11
27825
Convert -27244 (base 10) to base 2.
-110101001101100
What is -854 (base 11) in base 4?
-100003
What is -1110011000 (base 2) in base 5?
-12140
Convert -674 (base 11) to base 2.
-1100100111
1849 (base 10) to base 7
5251
What is -107 (base 15) in base 5?
-1412
What is 3459 (base 16) in base 7?
54033
Convert 212122 (base 4) to base 6.
15214
Convert -124 (base 16) to base 7.
-565
What is 6cb (base 16) in base 13?
a3a
-5372 (base 8) to base 15
-c75
Convert 1ab7 (base 16) to base 6.
51355
Convert 225504 (base 6) to base 16.
4bd0
What is 3662 (base 8) in base 10?
1970
3a2 (base 11) to base 13
2a7
2626 (base 12) to base 11
32a5
213032 (base 6) to base 13
7c85
Convert 1 (base 7) to base 12.
1
-1126 (base 7) to base 10
-412
Convert -15 (base 14) to base 11.
-18
What is -12341 (base 5) in base 13?
-599
Convert 218 (base 12) to base 3.
102102
2441 (base 11) to base 5
100231
Convert 653 (base 11) to base 6.
3344
75 (base 8) to base 12
51
-209 (base 13) to base 12
-24b
-793 (base 13) to base 4
-110113
What is 1627 (base 10) in base 15?
737
Convert -99a (base 16) to base 12.
-150a
What is -1130220 (base 4) in base 13?
-2910
-1676 (base 11) to base 9
-2837
-100020 (base 3) to base 12
-189
Convert 3068 (base 13) to base 10.
6677
What is 23b71 (base 12) in base 5?
3021300
What is -2870 (base 10) in base 15?
-cb5
Convert -c3a9 (base 13) to base 7.
-141514
What is -430303 (base 6) in base 10?
-35103
Convert -2333004 (base 5) to base 12.
-20993
Convert -1642 (base 7) to base 6.
-3031
313333 (base 5) to base 8
24344
Convert -9091 (base 10) to base 12.
-5317
What is -5355 (base 7) in base 8?
-3556
-507a (base 11) to base 7
-25441
What is -167 (base 13) in base 16?
-fe
-122020020 (base 3) to base 11
-948a
Convert -1011021 (base 3) to base 13.
-4cc
What is 304 (base 7) in base 14?
ab
171 (base 14) to base 2
100100111
ed3a (base 15) to base 7
266305
Convert -1131332 (base 4) to base 13.
-2978
6453 (base 15) to base 16
52ec
523 (base 6) to base 15
d0
What is 451 (base 12) in base 5?
10022
35777 (base 8) to base 12
8a7b
301351 (base 7) to base 9
76787
Convert 22101110 (base 3) to base 5.
143424
What is 1011120 (base 3) in base 12?
5b0
Convert -8534 (base 14) to base 11.
-1629a
What is -4840 (base 13) in base 11?
-7726
What is 1e6 (base 15) in base 13?
27c
Convert -115c (base 15) to base 11.
-2852
-10111100101 (base 2) to base 12
-a59
4452 (base 12) to base 5
220200
What is -2632 (base 8) in base 14?
-746
Convert -2451 (base 10) to base 9.
-3323
What is 4e63 (base 16) in base 11?
14093
What is -134 (base 8) in base 16?
-5c
What is 207 (base 9) in base 16?
a9
Convert -1fba (base 16) to base 7.
-32452
What is 1011101010000 (base 2) in base 5?
142333
Convert 16709 (base 14) to base 12.
28685
-95 (base 11) to base 3
-10212
Convert -26950 (base 10) to base 12.
-1371a
Convert -4edb (base 15) to base 4.
-10013120
1390 (base 10) to base 12
97a
What is a86 (base 13) in base 2?
11100001000
Convert 26a9 (base 16) to base 2.
10011010101001
What is 4bb (base 15) in base 2?
10000110100
Convert 222223 (base 4) to base 13.
1321
1b042 (base 13) to base 5
3142112
Convert 651 (base 12) to base 13.
562
Convert 28833 (base 10) to base 4.
13002201
71 (base 11) to base 14
58
-2334134 (base 5) to base 8
-124044
12101 (base 4) to base 13
24b
-3330 (base 9) to base 14
-c77
Convert -6d3d (base 14) to base 11.
-13364
What is 11053 (base 7) in base 16?
ade
14156 (base 9) to base 6
112253
Convert -156232 (base 7) to base 10.
-30991
2679 (base 10) to base 14
d95
46a (base 13) to base 4
23330
-9693 (base 12) to base 14
-6047
1340 (base 7) to base 6
2222
What is 10110110010100 (base 2) in base 6?
130004
1c5 (base 16) to base 12
319
-980 (base 14) to base 3
-2120111
What is 9438 (base 15) in base 5?
2000303
2104 (base 13) to base 15
1547
Convert 36eb (base 15) to base 10.
11696
What is 2605 (base 10) in base 2?
101000101101
Convert -a2c5 (base 13) to base 14.
-828d
Convert -110011010 (base 2) to base 8.
-632
628b (base 15) to base 10
20831
Convert abd (base 14) to base 9.
2823
-11000000100 (base 2) to base 15
-6ca
1100000010100 (base 2) to base 11
46a4
fb (base 16) to base 4
3323
Convert -3123 (base 8) to base 3.
-2012222
Convert 14183 (base 10) to base 8.
33547
Convert 2b0 (base 15) to base 6.
2503
Convert b21 (base 13) to base 9.
2525
-517b (base 12) to base 14
-3343
Convert 30772 (base 9) to base 3.
1000212102
What is 4a797 (base 11) in base 10?
72827
be (base 15) to base 14
cb
31b1 (base 14) to base 7
34011
-3732 (base 15) to base 4
-2313203
602 (base 7) to base 10
296
52de (base 15) to base 16
447e
What is -2da7 (base 16) in base 9?
-17025
What is -1100011010000 (base 2) in base 9?
-8637
-4950 (base 11) to base 3
-22212120
Convert 74202 (base 9) to base 2.
1011111101101111
Convert 104510 (base 8) to base 6.
430412
Convert -2607 (base 10) to base 13.
-1257
What is 16433 (base 8) in base 6?
54255
Convert -174200 (base 8) to base 9.
-106234
Convert 494 (base 11) to base 4.
21023
What is -59d (base 16) in base 12?
-9b9
-111012201 (base 3) to base 7
-40036
Convert 592 (base 12) to base 5.
11310
What is 1000110010 (base 2) in base 8?
1062
What is 22a6 (base 11) in base 5?
44040
Convert -283 (base 15) to base 3.
-210020
1100 (base 10) to base 5
13400
-9001 (base 12) to base 4
-3303001
What is 321231 (base 4) in base 8?
7155
What is -5775 (base 13) in base 16?
-2fe8
What is 1231100 (base 4) in base 2?
1101101010000
What is 862 (base 16) in base 5?
32041
-1212320 (base 4) to base 9
-10025
What is 26 (base 7) in base 10?
20
Convert -303 (base 4) to base 3.
-1220
-325 (base 12) to base 6
-2045
-5541 (base 10) to base 15
-1996
Convert 413211 (base 5) to base 14.
4d24
-6a06 (base 11) to base 12
-53aa
-5471 (base 13) to base 3
-121010022
What is 11110010 (base 2) in base 6?
1042
Convert 101011 (base 4) to base 3.
1111111
-10c06 (base 13) to base 8
-73603
Convert -111602 (base 7) to base 2.
-100110110000111
3330022 (base 4) to base 13
7465
65a (base 11) to base 9
1068
Convert 11124 (base 7) to base 8.
5373
What is 5e1 (base 15) in base 2?
10100111000
6b3 (base 14) to base 16
535
What is -3072 (base 12) in base 7?
-21236
What is -15f (base 16) in base 13?
-210
What is 24443 (base 5) in base 10?
1873
Convert -7356 (base 15) to base 7.
-131040
Convert -104001 (base 5) to base 12.
-2122
-892 (base 12) to base 8
-2356
What is 1589a (base 15) in base 12?
34231
697 (base 10) to base 5
10242
What is 340504 (base 6) in base 3?
1110100211
-696 (base 11) to base 3
-1010210
Convert -140240 (base 6) to base 9.
-18816
What is 11110110110001 (base 2) in base 9?
23587
What is 100122 (base 3) in base 9?
318
Convert -332310 (base 4) to base 5.
-112040
What is -2421 (base 7) in base 15?
-3ec
-422 (base 7) to base 12
-158
What is 2a9 (base 16) in base 3?
221020
Convert 9420 (base 10) to base 14.
360c
What is -1442 (base 6) in base 5?
-3021
What is 513 (base 11) in base 15?
2b4
What is 110101111010 (base 2) in base 12?
1bb6
Convert -419 (base 11) to base 16.
-1f8
What is -2ba33 (base 12) in base 16?
-f207
What is 9447 (base 10) in base 13?
43b9
105141 (base 7) to base 3
221111220
10011101 (base 2) to base 8
235
-36ed (base 15) to base 11
-8875
6521 (base 8) to base 14
1357
-10000011010 (base 2) to base 7
-3030
What is 17739 (base 10) in base 16?
454b
96 (base 15) to base 3
12020
-2312 (base 4) to base 8
-266